{"id":202,"date":"2020-01-11T08:56:40","date_gmt":"2020-01-11T08:56:40","guid":{"rendered":"http:\/\/maler-buettner.de\/?page_id=202"},"modified":"2020-01-13T17:10:08","modified_gmt":"2020-01-13T17:10:08","slug":"swr-mainz","status":"publish","type":"page","link":"https:\/\/maler-buettner.de\/?page_id=202","title":{"rendered":"SWR Mainz"},"content":{"rendered":"\n<p>Unser Leistungsbild:<\/p>\n\n\n\n<p>25.300 qm  Decken- und Wandanstriche<\/p>\n\n\n\n<p>6.800 qm  airless-gespritzte Decken- und Wandfl\u00e4chen in der Tiefgarage<\/p>\n\n\n\n<p>3.900 qm tapezierte Wandfl\u00e4chen mit Glasgewebe<\/p>\n\n\n\n<p>320 stk  lackierte Stahlzargen<\/p>\n\n\n\n<p>3.700 qm lackierte Stahlfl\u00e4chen<\/p>\n\n\n\n<p>1.400 qm beschichtete Bodenfl\u00e4chen<\/p>\n\n\n\n<p>2.800 qm verputzte Decken- und  Wandfl\u00e4chen mit Spachtelputz<\/p>\n\n\n\n<p>1.200 qm Betoninstandsetzung<\/p>\n\n\n\n<ul class=\"wp-block-gallery columns-3 is-cropped\"><li class=\"blocks-gallery-item\"><figure><img loading=\"lazy\" width=\"500\" height=\"328\" src=\"https:\/\/maler-buettner.de\/wp-content\/uploads\/2020\/01\/swr_0033.jpg\" alt=\"\" data-id=\"203\" data-link=\"https:\/\/maler-buettner.de\/?attachment_id=203\" class=\"wp-image-203\" srcset=\"https:\/\/maler-buettner.de\/wp-content\/uploads\/2020\/01\/swr_0033.jpg 500w, https:\/\/maler-buettner.de\/wp-content\/uploads\/2020\/01\/swr_0033-300x197.jpg 300w\" sizes=\"(max-width: 500px) 100vw, 500px\" \/><\/figure><\/li><li class=\"blocks-gallery-item\"><figure><img loading=\"lazy\" width=\"500\" height=\"328\" src=\"https:\/\/maler-buettner.de\/wp-content\/uploads\/2020\/01\/swr_0037.jpg\" alt=\"\" data-id=\"204\" data-link=\"https:\/\/maler-buettner.de\/?attachment_id=204\" class=\"wp-image-204\" srcset=\"https:\/\/maler-buettner.de\/wp-content\/uploads\/2020\/01\/swr_0037.jpg 500w, https:\/\/maler-buettner.de\/wp-content\/uploads\/2020\/01\/swr_0037-300x197.jpg 300w\" sizes=\"(max-width: 500px) 100vw, 500px\" \/><\/figure><\/li><li class=\"blocks-gallery-item\"><figure><img loading=\"lazy\" width=\"500\" height=\"328\" src=\"https:\/\/maler-buettner.de\/wp-content\/uploads\/2020\/01\/swr_0045.jpg\" alt=\"\" data-id=\"205\" data-link=\"https:\/\/maler-buettner.de\/?attachment_id=205\" class=\"wp-image-205\" srcset=\"https:\/\/maler-buettner.de\/wp-content\/uploads\/2020\/01\/swr_0045.jpg 500w, https:\/\/maler-buettner.de\/wp-content\/uploads\/2020\/01\/swr_0045-300x197.jpg 300w\" sizes=\"(max-width: 500px) 100vw, 500px\" \/><\/figure><\/li><li class=\"blocks-gallery-item\"><figure><img loading=\"lazy\" width=\"328\" height=\"500\" src=\"https:\/\/maler-buettner.de\/wp-content\/uploads\/2020\/01\/swr_0050.jpg\" alt=\"\" data-id=\"206\" data-link=\"https:\/\/maler-buettner.de\/?attachment_id=206\" class=\"wp-image-206\" srcset=\"https:\/\/maler-buettner.de\/wp-content\/uploads\/2020\/01\/swr_0050.jpg 328w, https:\/\/maler-buettner.de\/wp-content\/uploads\/2020\/01\/swr_0050-197x300.jpg 197w\" sizes=\"(max-width: 328px) 100vw, 328px\" \/><\/figure><\/li><li class=\"blocks-gallery-item\"><figure><img loading=\"lazy\" width=\"500\" height=\"328\" src=\"https:\/\/maler-buettner.de\/wp-content\/uploads\/2020\/01\/swr_0054.jpg\" alt=\"\" data-id=\"207\" data-link=\"https:\/\/maler-buettner.de\/?attachment_id=207\" class=\"wp-image-207\" srcset=\"https:\/\/maler-buettner.de\/wp-content\/uploads\/2020\/01\/swr_0054.jpg 500w, https:\/\/maler-buettner.de\/wp-content\/uploads\/2020\/01\/swr_0054-300x197.jpg 300w\" sizes=\"(max-width: 500px) 100vw, 500px\" \/><\/figure><\/li><li class=\"blocks-gallery-item\"><figure><img loading=\"lazy\" width=\"500\" height=\"328\" src=\"https:\/\/maler-buettner.de\/wp-content\/uploads\/2020\/01\/swr_0055.jpg\" alt=\"\" data-id=\"208\" data-link=\"https:\/\/maler-buettner.de\/?attachment_id=208\" class=\"wp-image-208\" srcset=\"https:\/\/maler-buettner.de\/wp-content\/uploads\/2020\/01\/swr_0055.jpg 500w, https:\/\/maler-buettner.de\/wp-content\/uploads\/2020\/01\/swr_0055-300x197.jpg 300w\" sizes=\"(max-width: 500px) 100vw, 500px\" \/><\/figure><\/li><li class=\"blocks-gallery-item\"><figure><img loading=\"lazy\" width=\"500\" height=\"328\" src=\"https:\/\/maler-buettner.de\/wp-content\/uploads\/2020\/01\/swr_0058.jpg\" alt=\"\" data-id=\"209\" data-link=\"https:\/\/maler-buettner.de\/?attachment_id=209\" class=\"wp-image-209\" srcset=\"https:\/\/maler-buettner.de\/wp-content\/uploads\/2020\/01\/swr_0058.jpg 500w, https:\/\/maler-buettner.de\/wp-content\/uploads\/2020\/01\/swr_0058-300x197.jpg 300w\" sizes=\"(max-width: 500px) 100vw, 500px\" \/><\/figure><\/li><li class=\"blocks-gallery-item\"><figure><img loading=\"lazy\" width=\"328\" height=\"500\" src=\"https:\/\/maler-buettner.de\/wp-content\/uploads\/2020\/01\/swr_0061.jpg\" alt=\"\" data-id=\"210\" data-link=\"https:\/\/maler-buettner.de\/?attachment_id=210\" class=\"wp-image-210\" srcset=\"https:\/\/maler-buettner.de\/wp-content\/uploads\/2020\/01\/swr_0061.jpg 328w, https:\/\/maler-buettner.de\/wp-content\/uploads\/2020\/01\/swr_0061-197x300.jpg 197w\" sizes=\"(max-width: 328px) 100vw, 328px\" \/><\/figure><\/li><li class=\"blocks-gallery-item\"><figure><img loading=\"lazy\" width=\"500\" height=\"328\" src=\"https:\/\/maler-buettner.de\/wp-content\/uploads\/2020\/01\/swr_0063.jpg\" alt=\"\" data-id=\"211\" data-link=\"https:\/\/maler-buettner.de\/?attachment_id=211\" class=\"wp-image-211\" srcset=\"https:\/\/maler-buettner.de\/wp-content\/uploads\/2020\/01\/swr_0063.jpg 500w, https:\/\/maler-buettner.de\/wp-content\/uploads\/2020\/01\/swr_0063-300x197.jpg 300w\" sizes=\"(max-width: 500px) 100vw, 500px\" \/><\/figure><\/li><li class=\"blocks-gallery-item\"><figure><img loading=\"lazy\" width=\"500\" height=\"328\" src=\"https:\/\/maler-buettner.de\/wp-content\/uploads\/2020\/01\/swr_0075.jpg\" alt=\"\" data-id=\"212\" data-link=\"https:\/\/maler-buettner.de\/?attachment_id=212\" class=\"wp-image-212\" srcset=\"https:\/\/maler-buettner.de\/wp-content\/uploads\/2020\/01\/swr_0075.jpg 500w, https:\/\/maler-buettner.de\/wp-content\/uploads\/2020\/01\/swr_0075-300x197.jpg 300w\" sizes=\"(max-width: 500px) 100vw, 500px\" \/><\/figure><\/li><li class=\"blocks-gallery-item\"><figure><img loading=\"lazy\" width=\"500\" height=\"328\" src=\"https:\/\/maler-buettner.de\/wp-content\/uploads\/2020\/01\/swr_0085.jpg\" alt=\"\" data-id=\"213\" data-link=\"https:\/\/maler-buettner.de\/?attachment_id=213\" class=\"wp-image-213\" srcset=\"https:\/\/maler-buettner.de\/wp-content\/uploads\/2020\/01\/swr_0085.jpg 500w, https:\/\/maler-buettner.de\/wp-content\/uploads\/2020\/01\/swr_0085-300x197.jpg 300w\" sizes=\"(max-width: 500px) 100vw, 500px\" \/><\/figure><\/li><li class=\"blocks-gallery-item\"><figure><img loading=\"lazy\" width=\"328\" height=\"500\" src=\"https:\/\/maler-buettner.de\/wp-content\/uploads\/2020\/01\/swr_0094.jpg\" alt=\"\" data-id=\"214\" data-link=\"https:\/\/maler-buettner.de\/?attachment_id=214\" class=\"wp-image-214\" srcset=\"https:\/\/maler-buettner.de\/wp-content\/uploads\/2020\/01\/swr_0094.jpg 328w, https:\/\/maler-buettner.de\/wp-content\/uploads\/2020\/01\/swr_0094-197x300.jpg 197w\" sizes=\"(max-width: 328px) 100vw, 328px\" \/><\/figure><\/li><li class=\"blocks-gallery-item\"><figure><img loading=\"lazy\" width=\"328\" height=\"500\" src=\"https:\/\/maler-buettner.de\/wp-content\/uploads\/2020\/01\/swr_0095.jpg\" alt=\"\" data-id=\"215\" data-link=\"https:\/\/maler-buettner.de\/?attachment_id=215\" class=\"wp-image-215\" srcset=\"https:\/\/maler-buettner.de\/wp-content\/uploads\/2020\/01\/swr_0095.jpg 328w, https:\/\/maler-buettner.de\/wp-content\/uploads\/2020\/01\/swr_0095-197x300.jpg 197w\" sizes=\"(max-width: 328px) 100vw, 328px\" \/><\/figure><\/li><\/ul>\n","protected":false},"excerpt":{"rendered":"<p>Unser Leistungsbild: 25.300 qm Decken- und Wandanstriche 6.800 qm airless-gespritzte Decken- und Wandfl\u00e4chen in der Tiefgarage 3.900 qm tapezierte Wandfl\u00e4chen mit Glasgewebe 320 stk lackierte Stahlzargen 3.700 qm lackierte Stahlfl\u00e4chen 1.400 qm beschichtete Bodenfl\u00e4chen 2.800 qm verputzte Decken- und Wandfl\u00e4chen mit Spachtelputz 1.200 qm Betoninstandsetzung<\/p>\n","protected":false},"author":1,"featured_media":0,"parent":0,"menu_order":0,"comment_status":"closed","ping_status":"closed","template":"","meta":[],"_links":{"self":[{"href":"https:\/\/maler-buettner.de\/index.php?rest_route=\/wp\/v2\/pages\/202"}],"collection":[{"href":"https:\/\/maler-buettner.de\/index.php?rest_route=\/wp\/v2\/pages"}],"about":[{"href":"https:\/\/maler-buettner.de\/index.php?rest_route=\/wp\/v2\/types\/page"}],"author":[{"embeddable":true,"href":"https:\/\/maler-buettner.de\/index.php?rest_route=\/wp\/v2\/users\/1"}],"replies":[{"embeddable":true,"href":"https:\/\/maler-buettner.de\/index.php?rest_route=%2Fwp%2Fv2%2Fcomments&post=202"}],"version-history":[{"count":3,"href":"https:\/\/maler-buettner.de\/index.php?rest_route=\/wp\/v2\/pages\/202\/revisions"}],"predecessor-version":[{"id":261,"href":"https:\/\/maler-buettner.de\/index.php?rest_route=\/wp\/v2\/pages\/202\/revisions\/261"}],"wp:attachment":[{"href":"https:\/\/maler-buettner.de\/index.php?rest_route=%2Fwp%2Fv2%2Fmedia&parent=202"}],"curies":[{"name":"wp","href":"https:\/\/api.w.org\/{rel}","templated":true}]}}