{"id":224,"date":"2020-01-11T09:00:22","date_gmt":"2020-01-11T09:00:22","guid":{"rendered":"http:\/\/maler-buettner.de\/?page_id=224"},"modified":"2020-01-11T09:00:22","modified_gmt":"2020-01-11T09:00:22","slug":"arbeitsamt-mainz","status":"publish","type":"page","link":"https:\/\/maler-buettner.de\/?page_id=224","title":{"rendered":"Arbeitsamt Mainz"},"content":{"rendered":"\n<p>Unser Leistungsbild:<\/p>\n\n\n\n<p>29.000 qm Decken- und Wandanstriche<\/p>\n\n\n\n<p>18.000 qm airless-gespritzte Decken- und Wandfl\u00e4chen in der Tiefgarage<\/p>\n\n\n\n<p>12.400 qm tapezierte Wandfl\u00e4chen mit Rauhfaser<\/p>\n\n\n\n<p>3.500 qm tapezierte Wandfl\u00e4chen mit Glasgewebe<\/p>\n\n\n\n<p>520 stk lackierte Stahlzargen<\/p>\n\n\n\n<p>450 qm elektrostatisch gespritzte Gel\u00e4nderfl\u00e4chen<\/p>\n\n\n\n<p>4.200 m lackierte Rohrleitungen<\/p>\n\n\n\n<p>7.000 m lasierte Holzfu\u00dfleisten<\/p>\n\n\n\n<p>3.000 qm beschichtete Bodenfl\u00e4chen<\/p>\n\n\n\n<p>19.600 qm verputzte Deckenfl\u00e4chen mit Spachtelputz<\/p>\n\n\n\n<ul class=\"wp-block-gallery columns-2 is-cropped\"><li class=\"blocks-gallery-item\"><figure><img loading=\"lazy\" width=\"500\" height=\"328\" src=\"https:\/\/maler-buettner.de\/wp-content\/uploads\/2020\/01\/arbeitsamt_0109.jpg\" alt=\"\" data-id=\"225\" data-link=\"https:\/\/maler-buettner.de\/?attachment_id=225\" class=\"wp-image-225\" srcset=\"https:\/\/maler-buettner.de\/wp-content\/uploads\/2020\/01\/arbeitsamt_0109.jpg 500w, https:\/\/maler-buettner.de\/wp-content\/uploads\/2020\/01\/arbeitsamt_0109-300x197.jpg 300w\" sizes=\"(max-width: 500px) 100vw, 500px\" \/><\/figure><\/li><li class=\"blocks-gallery-item\"><figure><img loading=\"lazy\" width=\"328\" height=\"500\" src=\"https:\/\/maler-buettner.de\/wp-content\/uploads\/2020\/01\/arbeitsamt_0113.jpg\" alt=\"\" data-id=\"226\" data-link=\"https:\/\/maler-buettner.de\/?attachment_id=226\" class=\"wp-image-226\" srcset=\"https:\/\/maler-buettner.de\/wp-content\/uploads\/2020\/01\/arbeitsamt_0113.jpg 328w, https:\/\/maler-buettner.de\/wp-content\/uploads\/2020\/01\/arbeitsamt_0113-197x300.jpg 197w\" sizes=\"(max-width: 328px) 100vw, 328px\" \/><\/figure><\/li><li class=\"blocks-gallery-item\"><figure><img loading=\"lazy\" width=\"500\" height=\"328\" src=\"https:\/\/maler-buettner.de\/wp-content\/uploads\/2020\/01\/arbeitsamt_0129.jpg\" alt=\"\" data-id=\"227\" data-link=\"https:\/\/maler-buettner.de\/?attachment_id=227\" class=\"wp-image-227\" srcset=\"https:\/\/maler-buettner.de\/wp-content\/uploads\/2020\/01\/arbeitsamt_0129.jpg 500w, https:\/\/maler-buettner.de\/wp-content\/uploads\/2020\/01\/arbeitsamt_0129-300x197.jpg 300w\" sizes=\"(max-width: 500px) 100vw, 500px\" \/><\/figure><\/li><li class=\"blocks-gallery-item\"><figure><img loading=\"lazy\" width=\"500\" height=\"328\" src=\"https:\/\/maler-buettner.de\/wp-content\/uploads\/2020\/01\/arbeitsamt_0137.jpg\" alt=\"\" data-id=\"228\" data-link=\"https:\/\/maler-buettner.de\/?attachment_id=228\" class=\"wp-image-228\" srcset=\"https:\/\/maler-buettner.de\/wp-content\/uploads\/2020\/01\/arbeitsamt_0137.jpg 500w, https:\/\/maler-buettner.de\/wp-content\/uploads\/2020\/01\/arbeitsamt_0137-300x197.jpg 300w\" sizes=\"(max-width: 500px) 100vw, 500px\" \/><\/figure><\/li><li class=\"blocks-gallery-item\"><figure><img loading=\"lazy\" width=\"500\" height=\"328\" src=\"https:\/\/maler-buettner.de\/wp-content\/uploads\/2020\/01\/arbeitsamt_0153.jpg\" alt=\"\" data-id=\"229\" data-link=\"https:\/\/maler-buettner.de\/?attachment_id=229\" class=\"wp-image-229\" srcset=\"https:\/\/maler-buettner.de\/wp-content\/uploads\/2020\/01\/arbeitsamt_0153.jpg 500w, https:\/\/maler-buettner.de\/wp-content\/uploads\/2020\/01\/arbeitsamt_0153-300x197.jpg 300w\" sizes=\"(max-width: 500px) 100vw, 500px\" \/><\/figure><\/li><\/ul>\n","protected":false},"excerpt":{"rendered":"<p>Unser Leistungsbild: 29.000 qm Decken- und Wandanstriche 18.000 qm airless-gespritzte Decken- und Wandfl\u00e4chen in der Tiefgarage 12.400 qm tapezierte Wandfl\u00e4chen mit Rauhfaser 3.500 qm tapezierte Wandfl\u00e4chen mit Glasgewebe 520 stk lackierte Stahlzargen 450 qm elektrostatisch gespritzte Gel\u00e4nderfl\u00e4chen 4.200 m lackierte Rohrleitungen 7.000 m lasierte Holzfu\u00dfleisten 3.000 qm beschichtete Bodenfl\u00e4chen 19.600 qm verputzte Deckenfl\u00e4chen mit Spachtelputz<\/p>\n","protected":false},"author":1,"featured_media":0,"parent":0,"menu_order":0,"comment_status":"closed","ping_status":"closed","template":"","meta":[],"_links":{"self":[{"href":"https:\/\/maler-buettner.de\/index.php?rest_route=\/wp\/v2\/pages\/224"}],"collection":[{"href":"https:\/\/maler-buettner.de\/index.php?rest_route=\/wp\/v2\/pages"}],"about":[{"href":"https:\/\/maler-buettner.de\/index.php?rest_route=\/wp\/v2\/types\/page"}],"author":[{"embeddable":true,"href":"https:\/\/maler-buettner.de\/index.php?rest_route=\/wp\/v2\/users\/1"}],"replies":[{"embeddable":true,"href":"https:\/\/maler-buettner.de\/index.php?rest_route=%2Fwp%2Fv2%2Fcomments&post=224"}],"version-history":[{"count":1,"href":"https:\/\/maler-buettner.de\/index.php?rest_route=\/wp\/v2\/pages\/224\/revisions"}],"predecessor-version":[{"id":230,"href":"https:\/\/maler-buettner.de\/index.php?rest_route=\/wp\/v2\/pages\/224\/revisions\/230"}],"wp:attachment":[{"href":"https:\/\/maler-buettner.de\/index.php?rest_route=%2Fwp%2Fv2%2Fmedia&parent=224"}],"curies":[{"name":"wp","href":"https:\/\/api.w.org\/{rel}","templated":true}]}}

<p>Unser Leistungsbild:</p>



<p>29.000 qm Decken- und Wandanstriche</p>



<p>18.000 qm airless-gespritzte Decken- und Wandflächen in der Tiefgarage</p>



<p>12.400 qm tapezierte Wandflächen mit Rauhfaser</p>



<p>3.500 qm tapezierte Wandflächen mit Glasgewebe</p>



<p>520 stk lackierte Stahlzargen</p>



<p>450 qm elektrostatisch gespritzte Geländerflächen</p>



<p>4.200 m lackierte Rohrleitungen</p>



<p>7.000 m lasierte Holzfußleisten</p>



<p>3.000 qm beschichtete Bodenflächen</p>



<p>19.600 qm verputzte Deckenflächen mit Spachtelputz</p>



<ul class="wp-block-gallery columns-2 is-cropped"><li class="blocks-gallery-item"><figure><img loading="lazy" width="500" height="328" src="https://maler-buettner.de/wp-content/uploads/2020/01/arbeitsamt_0109.jpg" alt="" data-id="225" data-link="https://maler-buettner.de/?attachment_id=225" class="wp-image-225" srcset="https://maler-buettner.de/wp-content/uploads/2020/01/arbeitsamt_0109.jpg 500w, https://maler-buettner.de/wp-content/uploads/2020/01/arbeitsamt_0109-300x197.jpg 300w" sizes="(max-width: 500px) 100vw, 500px" /></figure></li><li class="blocks-gallery-item"><figure><img loading="lazy" width="328" height="500" src="https://maler-buettner.de/wp-content/uploads/2020/01/arbeitsamt_0113.jpg" alt="" data-id="226" data-link="https://maler-buettner.de/?attachment_id=226" class="wp-image-226" srcset="https://maler-buettner.de/wp-content/uploads/2020/01/arbeitsamt_0113.jpg 328w, https://maler-buettner.de/wp-content/uploads/2020/01/arbeitsamt_0113-197x300.jpg 197w" sizes="(max-width: 328px) 100vw, 328px" /></figure></li><li class="blocks-gallery-item"><figure><img loading="lazy" width="500" height="328" src="https://maler-buettner.de/wp-content/uploads/2020/01/arbeitsamt_0129.jpg" alt="" data-id="227" data-link="https://maler-buettner.de/?attachment_id=227" class="wp-image-227" srcset="https://maler-buettner.de/wp-content/uploads/2020/01/arbeitsamt_0129.jpg 500w, https://maler-buettner.de/wp-content/uploads/2020/01/arbeitsamt_0129-300x197.jpg 300w" sizes="(max-width: 500px) 100vw, 500px" /></figure></li><li class="blocks-gallery-item"><figure><img loading="lazy" width="500" height="328" src="https://maler-buettner.de/wp-content/uploads/2020/01/arbeitsamt_0137.jpg" alt="" data-id="228" data-link="https://maler-buettner.de/?attachment_id=228" class="wp-image-228" srcset="https://maler-buettner.de/wp-content/uploads/2020/01/arbeitsamt_0137.jpg 500w, https://maler-buettner.de/wp-content/uploads/2020/01/arbeitsamt_0137-300x197.jpg 300w" sizes="(max-width: 500px) 100vw, 500px" /></figure></li><li class="blocks-gallery-item"><figure><img loading="lazy" width="500" height="328" src="https://maler-buettner.de/wp-content/uploads/2020/01/arbeitsamt_0153.jpg" alt="" data-id="229" data-link="https://maler-buettner.de/?attachment_id=229" class="wp-image-229" srcset="https://maler-buettner.de/wp-content/uploads/2020/01/arbeitsamt_0153.jpg 500w, https://maler-buettner.de/wp-content/uploads/2020/01/arbeitsamt_0153-300x197.jpg 300w" sizes="(max-width: 500px) 100vw, 500px" /></figure></li></ul>

<p>Unser Leistungsbild: 29.000 qm Decken- und Wandanstriche 18.000 qm airless-gespritzte Decken- und Wandflächen in der Tiefgarage 12.400 qm tapezierte Wandflächen mit Rauhfaser 3.500 qm tapezierte Wandflächen mit Glasgewebe 520 stk lackierte Stahlzargen 450 qm elektrostatisch gespritzte Geländerflächen 4.200 m lackierte Rohrleitungen 7.000 m lasierte Holzfußleisten 3.000 qm beschichtete Bodenflächen 19.600 qm verputzte Deckenflächen mit Spachtelputz</p>
